). Let g = -1 + -4. What is i(g)?
0
Let h(n) = -n**3 - 4*n + 1. Let a(l) = l**3 - l. Let o(t) = 4*a(t) - h(t). Calculate o(-1).
-6
Let n(a) = -a - 1. Suppose -7 + 0 = -q. Let l be 48/(-10) + q/(-35). Determine n(l).
4
Let l(r) = -2*r - 3 + 0*r - 1. Let h = 39 + -45. Determine l(h).
8
Let r = 0 - -1. Let t = 0 + r. Let z(a) = 6*a**3 - 3*a**2 + 3*a + 3. Let j(g) = -g**3 + g**2 - g - 1. Let x(v) = -9*j(v) - 3*z(v). Calculate x(t).
-9
Let a(t) = -t - 2. Suppose -8*q + 36 = -2*q. Determine a(q).
-8
Let i(b) be the first derivative of -b**3 - b**2 + 2*b + 15. Calculate i(-2).
-6
Let z(f) = -f**3 + 6*f**2 + 3*f - 7. Let j be (7 + -11)/(2/(-3)). What is z(j)?
11
Let z(n) = 110*n + 3 + 0 - 111*n. Let a(y) = -y**2 + 7*y - 7. Let p be a(6). Let t be (1 - p)/(-1 - -2). Determine z(t).
1
Let q(w) = w**2 + 10*w + 3. Let k be (-26)/(-6) + 2/3. Let o(h) = 2*h**2 + 19*h + 6. Let a(x) = k*q(x) - 3*o(x). What is a(-6)?
3
Let n(i) = i + 8. Let x(w) = -2*w + 10. Let k(r) = r - 9. Let q(t) = -3*k(t) - 2*x(t). Let y(c) = 3*n(c) - 2*q(c). What is y(0)?
10
Let w = -6 - -8. Let k(v) = 2 + 1 - 5*v**w - 3 - v. Calculate k(1).
-6
Let z(j) be the first derivative of -j**4/4 - 2*j**3 - 7*j**2/2 - 6*j + 20. What is z(-4)?
-10
Suppose 0 + 6 = 2*f. Suppose -4*d + 9 = o - 2*o, -18 = -f*o - 3*d. Let b(y) = 2*y - 6 + o*y - 6*y. Give b(-5).
-1
Let d(j) = -j**2 + 2*j + 3. Let y(s) = s**2 + 8*s - 2. Let p be y(-8). Let c be 3 + p + -1 + -1. Let o = c - -4. Give d(o).
0
Let j(b) = b**3 - 4*b**2 - 5*b + 5. Suppose 2*l - 23 = -13. What is j(l)?
5
Let h(a) = -a**2 - 4*a - 5. Let j(n) = n**2 - 12*n - 33. Let t be j(14). Determine h(t).
-10
Let b(c) = 7*c + 10. Let w(t) = 6*t + 9. Let j(f) = 3*b(f) - 4*w(f). Let l be (3 - 7)*3/4. Let a be l*2*(-6)/(-9). Calculate j(a).
6
Let q(k) = k - 7. Let x be q(9). Let p(m) = 2*m**x - m - 2*m**2 + 1 - 6*m**2. Let z(s) = s**2 + 9*s - 9. Let c be z(-10). Calculate p(c).
-6
Let t(j) = 13*j**3 + 1. Let m be t(1). Suppose -5*r = 2*p + m, 4*p - 20 = -0*p + 2*r. Let z(s) = s**2 + 2 + 1 - 3*s + 0*s**2. Determine z(p).
3
Let q(y) = y**3 - 3*y**2 - 4*y + 4. Let d = -7 + 40. Suppose -d - 51 = -2*v. Let j be 180/v + 2/(-7). Determine q(j).
4
Let n(f) = f**2 + 9*f + 10. Let m be n(-7). Let t(b) = -b - 1. Let i(a) be the first derivative of 2*a - 2. Let o(x) = -i(x) + 2*t(x). Give o(m).
4
Let q(i) = -3*i. Let j(h) = 2*h. Let c(v) = 4*j(v) + 3*q(v). Let p(b) = -b - 9. Suppose -3*r - r = 32. Let g be p(r). Determine c(g).
1
Let o(b) be the first derivative of -b**3 + 9*b**2/2 + 7*b + 7. Let d(z) = z**2 - 4*z - 3. Let k(t) = -5*d(t) - 2*o(t). What is k(-4)?
9
Let y(n) be the second derivative of n**4/12 - 5*n**3/6 + n**2 + 33*n. What is y(5)?
2
Let w = -51 + 52. Let t(a) = 4*a**2 - 5*a + 1. Let k(c) = -c**2 + c. Let v(z) = 6*k(z) + t(z). Let i(p) be the first derivative of v(p). Give i(w).
-3
Let k(h) = 3*h**2 + 4 - 3 + h**2. Suppose -2 = -5*j + 3*j. Give k(j).
5
Let x be 25 - 25 - (1 + 0). Let z(f) be the second derivative of 7*f**5/20 - f**4/12 - f**3/6 - f**2/2 - f. Give z(x).
-8
Let h(p) = -2 + 0 + p + p. Let y be ((-10)/(-15))/(-1)*(-45)/6. Determine h(y).
8
Let w be 10*(-2 - (-6)/4). Let l(h) = 2*h - 2. Calculate l(w).
-12
Let m(o) = -2*o**3 + 2*o**2 + o + 1. Let w be m(2). Let c(d) = d**3 + 4*d**2 - 5*d + 1. Determine c(w).
1
Let a(u) = 3*u**3 + 2*u**2 - 1. Let i be (-2 - -4) + 0 + -1. Give a(i).
4
Suppose f + 15 = -0*l + 3*l, -3*l = -5*f - 27. Let y(v) = -v**3 + 0*v - v**2 - 5 + v - l. Give y(0).
-9
Let n(k) = -k - 1. Let l(z) = -4*z - 6. Let p(w) = 3*l(w) - 14*n(w). What is p(6)?
8
Suppose 4*i = r + 8, -2*r + 0*i + 5*i - 13 = 0. Let n(m) = -m**3 - 5*m**2 - 4*m - 2. What is n(r)?
-2
Let d(u) = -u**2 + 3*u + 14. Let g be d(6). Let j(o) = -o**2 - 4*o + 1. Determine j(g).
1
Let c = 5 + -2. Let x(w) = w**2 - 4. Let p be x(c). Let m(d) be the second derivative of d**5/20 - d**4/3 - 7*d**3/6 + 7*d**2/2 + d. Calculate m(p).
-3
Let j(h) = -h**3 + 7*h**2 - 6*h + 3. Let o be j(6). Let k = o + 0. Suppose -k*s = -5*r - 3 - 7, -r = s + 2. Let b(i) = i**3 - i**2 - i + 5. Determine b(s).
5
Let x be ((-20)/(-16))/((-1)/(-4)). Let s(j) = -j**2 + 0 - 7 + 0 + 5*j. What is s(x)?
-7
Let a be 4/(-6) + (-42)/18. Let n be ((-1)/(-3))/(a/36). Let u(m) = -m - 2. Calculate u(n).
2
Suppose 3*w - 2 = 4. Let q(f) = -23*f**2 + 45*f**2 - 2*f - 22*f**w - 1 + f**3. What is q(2)?
3
Suppose -y = 14 - 5. Let h be (-1*1)/((-3)/y). Let c(i) = 2*i**2 + 9*i + 19. Let p(d) = d**2 + 5*d + 9. Let q(b) = h*c(b) + 7*p(b). Determine q(-6).
-6
Let v(a) = a**3 + 3*a**2 - 2*a + 5. Let p(z) = z**3 - 7*z**2 + 6*z + 2. Let r be p(6). Suppose -r - 14 = 4*b. Determine v(b).
-3
Let h(u) be the first derivative of 3*u + 1/3*u**3 + u**2 - 1. Give h(-2).
3
Let c(t) = -t + 11. Let i be c(9). Let o(z) be the first derivative of -z**i + 4 + 3*z**2 - 4*z**2 + z**2. What is o(-3)?
6
Let a(u) = 4*u**3 - 7 + u + u**3 - 6*u**3. Determine a(0).
-7
Let u be -3 + 4 - -2*2. Let m(p) = -p**3 + 6*p**2 - 7*p + 2. Calculate m(u).
-8
Let h(c) = 7*c**2 - 7*c - 11. Let g(s) = -6*s**2 + 6*s + 10. Let b = 7 - 2. Suppose 3*w - 5*w + 12 = 0. Let z(m) = b*h(m) + w*g(m). Calculate z(4).
-7
Let k(j) be the third derivative of -j**5/60 - j**4/24 + 2*j**3/3 - j**2. Suppose 5*z + 22 = 5*t + 2*z, 3*t - 5*z - 26 = 0. Suppose 0 = -t*r - r. What is k(r)?
4
Let u(h) = 2*h**2 - 4*h - 1. Let o be u(3). Let g(x) = x**2 - 5 + 5 - o*x + 2. Give g(3).
-4
Let l(h) = h**2 - 8*h + 1. Let a(c) = c**2 - 7*c + 1. Let b(k) = 5*a(k) - 4*l(k). What is b(5)?
11
Let f = -31 - -35. Let c(v) be the third derivative of 0 - 1/6*v**3 + 0*v + v**2 - 1/60*v**5 + 1/6*v**f. What is c(3)?
2
Let c(w) be the third derivative of 0*w + 0*w**4 + 2*w**2 - 2/3*w**3 + 1/15*w**5 + 0 - 1/120*w**6. Calculate c(4).
-4
Let n(c) = c**3 + 7*c**2 + 7*c + 5. Let g(q) = 2*q + 6. Let i be g(-6). Let y be n(i). Let r be (y + 1/1)*-1. Let w(h) = -h**2 - 6. Give w(r).
-6
Let c(n) = -3*n + 7. Let h be c(4). Let d(w) = -w + 2. Calculate d(h).
7
Suppose 0 = z - 5*z. Let b(x) = x**2 + x + 1. What is b(z)?
1
Let p(q) = -q - 3. Let g(d) = -2*d**2 - 3*d + 3. Let i be g(-3). What is p(i)?
3
Suppose 4*v - 3*p - 15 = 0, 0 = -4*v + p - 0*p + 5. Suppose 0 = x - 4*z - 9, 3*x - z + 2 - 18 = v. Let m(u) = u + 4. What is m(x)?
9
Let l(j) = 2*j + 2. Suppose -2*b - 3*b = 10. Determine l(b).
-2
Suppose 3*y = -4*h + 15, y - 6*y - 10 = -5*h. Let j = 7 + -3. Let d(u) = 5*u + u**3 - 7 + 0*u**2 + 3 - j*u**2. Calculate d(h).
2
Let c(m) be the third derivative of m**4/8 + m**3 + 2*m**2. Calculate c(-4).
-6
Let q(y) = -y - 9. Let i(g) = -6*g - 43. Let p be i(-6). Determine q(p).
-2
Let v(j) be the second derivative of j**3/3 - 5*j**2 - j. Suppose 19*d + 33 = 4*r + 18*d, 3*r = 5*d + 46. Give v(r).
4
Let k(p) = -p**2 + p + 1. Let r(z) = -3*z**2 - 6*z - 7. Let h(v) = -2*k(v) + r(v). Let f be -1*8*9/12. Give h(f).
3
Let z(d) = -d**3 - 5*d**2 - d + 4. Let g(y) = y**3 + 5*y**2 + 2*y + 6. Let v be g(-5). What is z(v)?
-8
Let n(a) be the first derivative of a**4/4 + 5*a**3/3 - 2*a**2 + 4*a + 9. Calculate n(-6).
-8
Suppose 0 = -5*p + 2*p - 12. Let w(l) = l**2 + 3*l - 2. Calculate w(p).
2
Let l = 34 + -37. Let d(q) = -q**2. What is d(l)?
-9
Let a(t) = 29*t**2 + 2*t + 3. Let f(d) = -19*d**2 - d - 2. Let x(s) = 5*a(s) + 8*f(s). Determine x(2).
-25
Suppose 6 = 3*t + 21. Let v(x) be the third derivative of x**5/60 + 5*x**4/24 - x**3 - 6*x**2. Give v(t).
-6
Let t(k) = 0*k - 3*k - k + 15 - 2*k**2 - 3*k. Let b(v) = v**2 + 3*v - 7. Let y(d) = 9*b(d) + 4*t(d). Determine y(0).
-3
Suppose 0 = -9*f + 5*f + 20. Let y(h) = -h + 1. Let x be y(f). Let p(q) = 2*q - 3. Determine p(x).
-11
Let m be (-10)/4*(-4)/(-2). Let u(p) = -p**2 - 5*p + 7. What is u(m)?
7
Let u(m) be the first derivative of -11*m**3/3 + m**2 - m + 3. Give u(1).
-10
Let d(t) = 31*t - 4. Let s(o) = -6*o + 1. Suppose -5*m + 40 + 15 = 0. Let c(p) = m*s(p) + 2*d(p). What is c(-3)?
15
Let i(d) = -3*d**2 + 8*d - 12. Let c(a) = -a**2 + 3*a - 4. Let w(x) = 8*c(x) - 3*i(x). Give w(0).
4
Let b(t) = 4*t - 4*t**2 - 2*t - 7*t**2 - 3*t. What is b(-1)?
-10
Let b(i) = 5*i**2 - 1. Let m(t) = t**3 + 10*t**2 + 10*t + 8. Let h be m(-9). Let k be b(h). Let z(g) = g**3 - 6*g**2 + 7*g - 5. What is z(k)?
-9
Suppose 0 = 4*z + 8, -3*s - 2*z - 11 - 11 = 0. Let q(r) = r**3 + 5*r**2 - 6*r - 3. Determine q(